{"id":7602,"date":"2023-12-21T15:06:29","date_gmt":"2023-12-21T19:06:29","guid":{"rendered":"https:\/\/escueladepedagogia.ufro.cl\/?page_id=7602"},"modified":"2024-01-08T09:19:49","modified_gmt":"2024-01-08T13:19:49","slug":"proceso-de-practicas-pedagogicas","status":"publish","type":"page","link":"https:\/\/escueladepedagogia.ufro.cl\/?page_id=7602","title":{"rendered":"Proceso de Pr\u00e1cticas Pedag\u00f3gicas"},"content":{"rendered":"\t\t<div data-elementor-type=\"wp-page\" data-elementor-id=\"7602\" class=\"elementor elementor-7602\">\n\t\t\t\t<div class=\"elementor-element elementor-element-ddc8798 e-flex e-con-boxed e-con e-parent\" data-id=\"ddc8798\" data-element_type=\"container\">\n\t\t\t\t\t<div class=\"e-con-inner\">\n\t\t\t\t<div class=\"elementor-element elementor-element-0ee29a7 elementor-widget elementor-widget-text-editor\" data-id=\"0ee29a7\" data-element_type=\"widget\" data-widget_type=\"text-editor.default\">\n\t\t\t\t<div class=\"elementor-widget-container\">\n\t\t\t\t\t\t\t<p>Las carreras de Pedagog\u00eda de la Universidad de La Frontera, cuentan en su plan de estudios con pr\u00e1cticas tempranas y progresivas desde el cuarto semestre.<\/p>\t\t\t\t\t\t<\/div>\n\t\t\t\t<\/div>\n\t\t\t\t\t<\/div>\n\t\t\t\t<\/div>\n\t\t<div class=\"elementor-element elementor-element-8823124 e-flex e-con-boxed e-con e-parent\" data-id=\"8823124\" data-element_type=\"container\">\n\t\t\t\t\t<div class=\"e-con-inner\">\n\t\t<div class=\"elementor-element elementor-element-2010dc3 e-con-full e-flex e-con e-child\" data-id=\"2010dc3\" data-element_type=\"container\">\n\t\t\t\t<div class=\"elementor-element elementor-element-503dccc elementor-widget elementor-widget-text-editor\" data-id=\"503dccc\" data-element_type=\"widget\" data-widget_type=\"text-editor.default\">\n\t\t\t\t<div class=\"elementor-widget-container\">\n\t\t\t\t\t\t\t<p><strong>Pr\u00e1ctica Inicial I (semestre 4):<\/strong><\/p><p>Es una actividad en contexto real y corresponde al primer acercamiento del futuro docente al Mundo profesional.<\/p>\t\t\t\t\t\t<\/div>\n\t\t\t\t<\/div>\n\t\t\t\t<\/div>\n\t\t<div class=\"elementor-element elementor-element-feae6aa e-con-full e-flex e-con e-child\" data-id=\"feae6aa\" data-element_type=\"container\">\n\t\t\t\t<div class=\"elementor-element elementor-element-b64a9f0 elementor-widget elementor-widget-text-editor\" data-id=\"b64a9f0\" data-element_type=\"widget\" data-widget_type=\"text-editor.default\">\n\t\t\t\t<div class=\"elementor-widget-container\">\n\t\t\t\t\t\t\t<p><strong>Pr\u00e1ctica Inicial II<\/strong> (semestre 6):<\/p><p>Integra los conocimientos pedag\u00f3gicos y disciplinarios en una actividad de contexto real.<\/p>\t\t\t\t\t\t<\/div>\n\t\t\t\t<\/div>\n\t\t\t\t<\/div>\n\t\t<div class=\"elementor-element elementor-element-e9ee366 e-con-full e-flex e-con e-child\" data-id=\"e9ee366\" data-element_type=\"container\">\n\t\t\t\t<div class=\"elementor-element elementor-element-f09c362 elementor-widget elementor-widget-text-editor\" data-id=\"f09c362\" data-element_type=\"widget\" data-widget_type=\"text-editor.default\">\n\t\t\t\t<div class=\"elementor-widget-container\">\n\t\t\t\t\t\t\t<p><strong>Pr\u00e1ctica Intermedia I<\/strong> (semestre 7):<\/p><p>Es una actividad en contexto real, que profundiza la integraci\u00f3n de los conocimientos pedag\u00f3gicos y disciplinarios.<\/p>\t\t\t\t\t\t<\/div>\n\t\t\t\t<\/div>\n\t\t\t\t<\/div>\n\t\t<div class=\"elementor-element elementor-element-4db518b e-con-full e-flex e-con e-child\" data-id=\"4db518b\" data-element_type=\"container\">\n\t\t\t\t<div class=\"elementor-element elementor-element-3f23e4f elementor-widget elementor-widget-text-editor\" data-id=\"3f23e4f\" data-element_type=\"widget\" data-widget_type=\"text-editor.default\">\n\t\t\t\t<div class=\"elementor-widget-container\">\n\t\t\t\t\t\t\t<p><strong>Pr\u00e1ctica Intermedia II<\/strong> (semestre 8):<\/p><p>Es una actividad en contexto real, que profundiza la integraci\u00f3n de los conocimientos pedag\u00f3gicos y disciplinarios con un mayor grado de autonom\u00eda por parte del estudiante centrando su pr\u00e1ctica pedag\u00f3gica en la reflexi\u00f3n docente.<\/p>\t\t\t\t\t\t<\/div>\n\t\t\t\t<\/div>\n\t\t\t\t<\/div>\n\t\t<div class=\"elementor-element elementor-element-d7fc06e e-con-full e-flex e-con e-child\" data-id=\"d7fc06e\" data-element_type=\"container\">\n\t\t\t\t<div class=\"elementor-element elementor-element-44c87c1 elementor-widget elementor-widget-text-editor\" data-id=\"44c87c1\" data-element_type=\"widget\" data-widget_type=\"text-editor.default\">\n\t\t\t\t<div class=\"elementor-widget-container\">\n\t\t\t\t\t\t\t<p><strong>Pr\u00e1ctica Profesional I<\/strong> (semestre 9):<\/p><p>Es una actividad en contexto real, que consolida la integraci\u00f3n de los conocimientos pedag\u00f3gicos y disciplinarios.<\/p>\t\t\t\t\t\t<\/div>\n\t\t\t\t<\/div>\n\t\t\t\t<\/div>\n\t\t<div class=\"elementor-element elementor-element-dce6b68 e-con-full e-flex e-con e-child\" data-id=\"dce6b68\" data-element_type=\"container\">\n\t\t\t\t<div class=\"elementor-element elementor-element-f93d8a0 elementor-widget elementor-widget-text-editor\" data-id=\"f93d8a0\" data-element_type=\"widget\" data-widget_type=\"text-editor.default\">\n\t\t\t\t<div class=\"elementor-widget-container\">\n\t\t\t\t\t\t\t<p><strong>Pr\u00e1ctica Profesional II <\/strong>(semestre 10):<\/p><p>Es una actividad en contexto real, que consolida la integraci\u00f3n de los conocimientos pedag\u00f3gicos y disciplinarios.<\/p>\t\t\t\t\t\t<\/div>\n\t\t\t\t<\/div>\n\t\t\t\t<\/div>\n\t\t\t\t\t<\/div>\n\t\t\t\t<\/div>\n\t\t<div class=\"elementor-element elementor-element-2e380e5 e-flex e-con-boxed e-con e-parent\" data-id=\"2e380e5\" data-element_type=\"container\">\n\t\t\t\t\t<div class=\"e-con-inner\">\n\t\t\t\t<div class=\"elementor-element elementor-element-ddd9b49 elementor-widget elementor-widget-text-editor\" data-id=\"ddd9b49\" data-element_type=\"widget\" data-widget_type=\"text-editor.default\">\n\t\t\t\t<div class=\"elementor-widget-container\">\n\t\t\t\t\t\t\t<p><strong>Contacto al: <\/strong>45 2 734199 o al correo electr\u00f3nico <strong><a href=\"mailto:practicas.pedagogia@ufrontera.cl\"><span class=\"OYPEnA text-decoration-none text-strikethrough-none\">practicas.pedagogia@ufrontera.cl\u00a0<\/span><\/a><\/strong><\/p>\t\t\t\t\t\t<\/div>\n\t\t\t\t<\/div>\n\t\t\t\t\t<\/div>\n\t\t\t\t<\/div>\n\t\t\t\t<\/div>\n\t\t","protected":false},"excerpt":{"rendered":"<p>Las carreras de Pedagog\u00eda de la Universidad de La Frontera, cuentan en su plan de estudios con pr\u00e1cticas tempranas y progresivas desde el cuarto&#8230; &nbsp; <a href=\"https:\/\/escueladepedagogia.ufro.cl\/?page_id=7602\" class=\"moretag\">Read More<\/a><\/p>\n","protected":false},"author":7,"featured_media":0,"parent":0,"menu_order":0,"comment_status":"closed","ping_status":"closed","template":"","meta":{"_price":"","_stock":"","_tribe_ticket_header":"","_tribe_default_ticket_provider":"","_tribe_ticket_capacity":"0","_ticket_start_date":"","_ticket_end_date":"","_tribe_ticket_show_description":"","_tribe_ticket_show_not_going":false,"_tribe_ticket_use_global_stock":"","_tribe_ticket_global_stock_level":"","_global_stock_mode":"","_global_stock_cap":"","_tribe_rsvp_for_event":"","_tribe_ticket_going_count":"","_tribe_ticket_not_going_count":"","_tribe_tickets_list":"[]","_tribe_ticket_has_attendee_info_fields":false,"_EventAllDay":false,"_EventTimezone":"","_EventStartDate":"","_EventEndDate":"","_EventStartDateUTC":"","_EventEndDateUTC":"","_EventShowMap":false,"_EventShowMapLink":false,"_EventURL":"","_EventCost":"","_EventCostDescription":"","_EventCurrencySymbol":"","_EventCurrencyCode":"","_EventCurrencyPosition":"","_EventDateTimeSeparator":"","_EventTimeRangeSeparator":"","_EventOrganizerID":[],"_EventVenueID":[],"_OrganizerEmail":"","_OrganizerPhone":"","_OrganizerWebsite":"","_VenueAddress":"","_VenueCity":"","_VenueCountry":"","_VenueProvince":"","_VenueState":"","_VenueZip":"","_VenuePhone":"","_VenueURL":"","_VenueStateProvince":"","_VenueLat":"","_VenueLng":"","_VenueShowMap":false,"_VenueShowMapLink":false,"footnotes":""},"class_list":["post-7602","page","type-page","status-publish","hentry"],"ticketed":false,"_links":{"self":[{"href":"https:\/\/escueladepedagogia.ufro.cl\/index.php?rest_route=\/wp\/v2\/pages\/7602"}],"collection":[{"href":"https:\/\/escueladepedagogia.ufro.cl\/index.php?rest_route=\/wp\/v2\/pages"}],"about":[{"href":"https:\/\/escueladepedagogia.ufro.cl\/index.php?rest_route=\/wp\/v2\/types\/page"}],"author":[{"embeddable":true,"href":"https:\/\/escueladepedagogia.ufro.cl\/index.php?rest_route=\/wp\/v2\/users\/7"}],"replies":[{"embeddable":true,"href":"https:\/\/escueladepedagogia.ufro.cl\/index.php?rest_route=%2Fwp%2Fv2%2Fcomments&post=7602"}],"version-history":[{"count":17,"href":"https:\/\/escueladepedagogia.ufro.cl\/index.php?rest_route=\/wp\/v2\/pages\/7602\/revisions"}],"predecessor-version":[{"id":7951,"href":"https:\/\/escueladepedagogia.ufro.cl\/index.php?rest_route=\/wp\/v2\/pages\/7602\/revisions\/7951"}],"wp:attachment":[{"href":"https:\/\/escueladepedagogia.ufro.cl\/index.php?rest_route=%2Fwp%2Fv2%2Fmedia&parent=7602"}],"curies":[{"name":"wp","href":"https:\/\/api.w.org\/{rel}","templated":true}]}}