{"id":7506,"date":"2023-12-20T08:55:43","date_gmt":"2023-12-20T12:55:43","guid":{"rendered":"https:\/\/escueladepedagogia.ufro.cl\/?page_id=7506"},"modified":"2024-01-09T08:07:44","modified_gmt":"2024-01-09T12:07:44","slug":"gestion-administrativa","status":"publish","type":"page","link":"https:\/\/escueladepedagogia.ufro.cl\/?page_id=7506","title":{"rendered":"Gesti\u00f3n Administrativa"},"content":{"rendered":"\t\t<div data-elementor-type=\"wp-page\" data-elementor-id=\"7506\" class=\"elementor elementor-7506\">\n\t\t\t\t<div class=\"elementor-element elementor-element-a2263bb e-flex e-con-boxed e-con e-parent\" data-id=\"a2263bb\" data-element_type=\"container\">\n\t\t\t\t\t<div class=\"e-con-inner\">\n\t\t<div class=\"elementor-element elementor-element-33be29f e-con-full e-flex e-con e-child\" data-id=\"33be29f\" data-element_type=\"container\">\n\t\t\t\t<div class=\"elementor-element elementor-element-ed0b312 elementor-position-top elementor-widget elementor-widget-image-box\" data-id=\"ed0b312\" data-element_type=\"widget\" data-widget_type=\"image-box.default\">\n\t\t\t\t<div class=\"elementor-widget-container\">\n\t\t\t<div class=\"elementor-image-box-wrapper\"><figure class=\"elementor-image-box-img\"><img fetchpriority=\"high\" decoding=\"async\" width=\"1500\" height=\"1000\" src=\"https:\/\/escueladepedagogia.ufro.cl\/wp-content\/uploads\/2023\/11\/Constanza-Villagran-Santana-1.jpg\" class=\"attachment-full size-full wp-image-7684\" alt=\"\" srcset=\"https:\/\/escueladepedagogia.ufro.cl\/wp-content\/uploads\/2023\/11\/Constanza-Villagran-Santana-1.jpg 1500w, https:\/\/escueladepedagogia.ufro.cl\/wp-content\/uploads\/2023\/11\/Constanza-Villagran-Santana-1-1140x760.jpg 1140w, https:\/\/escueladepedagogia.ufro.cl\/wp-content\/uploads\/2023\/11\/Constanza-Villagran-Santana-1-768x512.jpg 768w\" sizes=\"(max-width: 1500px) 100vw, 1500px\" \/><\/figure><div class=\"elementor-image-box-content\"><h5 class=\"elementor-image-box-title\">Constanza Villagran Santana<\/h5><p class=\"elementor-image-box-description\">Profesional de Gesti\u00f3n Administrativa<br>\nconstanza.villagran@ufrontera.cl\n\n\n45 2 734197<\/p><\/div><\/div>\t\t<\/div>\n\t\t\t\t<\/div>\n\t\t\t\t<\/div>\n\t\t<div class=\"elementor-element elementor-element-5c772d9 e-con-full e-flex e-con e-child\" data-id=\"5c772d9\" data-element_type=\"container\">\n\t\t\t\t<div class=\"elementor-element elementor-element-f29a595 elementor-position-top elementor-widget elementor-widget-image-box\" data-id=\"f29a595\" data-element_type=\"widget\" data-widget_type=\"image-box.default\">\n\t\t\t\t<div class=\"elementor-widget-container\">\n\t\t\t<div class=\"elementor-image-box-wrapper\"><figure class=\"elementor-image-box-img\"><img decoding=\"async\" width=\"1500\" height=\"1000\" src=\"https:\/\/escueladepedagogia.ufro.cl\/wp-content\/uploads\/2023\/11\/Luisa-Colicheo-Ancan.jpg\" class=\"attachment-full size-full wp-image-7675\" alt=\"\" srcset=\"https:\/\/escueladepedagogia.ufro.cl\/wp-content\/uploads\/2023\/11\/Luisa-Colicheo-Ancan.jpg 1500w, https:\/\/escueladepedagogia.ufro.cl\/wp-content\/uploads\/2023\/11\/Luisa-Colicheo-Ancan-1140x760.jpg 1140w, https:\/\/escueladepedagogia.ufro.cl\/wp-content\/uploads\/2023\/11\/Luisa-Colicheo-Ancan-768x512.jpg 768w\" sizes=\"(max-width: 1500px) 100vw, 1500px\" \/><\/figure><div class=\"elementor-image-box-content\"><h5 class=\"elementor-image-box-title\">Luisa Colicheo Ancan<\/h5><p class=\"elementor-image-box-description\">Secretaria Escuela de Pedagog\u00eda<br>\nluisa.colicheo@ufrontera.cl\n\n<br>\n45 2 596509<\/p><\/div><\/div>\t\t<\/div>\n\t\t\t\t<\/div>\n\t\t\t\t<\/div>\n\t\t<div class=\"elementor-element elementor-element-d2021b7 e-con-full e-flex e-con e-child\" data-id=\"d2021b7\" data-element_type=\"container\">\n\t\t\t\t<div class=\"elementor-element elementor-element-d6461d6 elementor-position-top elementor-widget elementor-widget-image-box\" data-id=\"d6461d6\" data-element_type=\"widget\" data-widget_type=\"image-box.default\">\n\t\t\t\t<div class=\"elementor-widget-container\">\n\t\t\t<div class=\"elementor-image-box-wrapper\"><figure class=\"elementor-image-box-img\"><img decoding=\"async\" width=\"1500\" height=\"1000\" src=\"https:\/\/escueladepedagogia.ufro.cl\/wp-content\/uploads\/2023\/11\/Patricio-Leal-Vega.jpg\" class=\"attachment-full size-full wp-image-7822\" alt=\"\" srcset=\"https:\/\/escueladepedagogia.ufro.cl\/wp-content\/uploads\/2023\/11\/Patricio-Leal-Vega.jpg 1500w, https:\/\/escueladepedagogia.ufro.cl\/wp-content\/uploads\/2023\/11\/Patricio-Leal-Vega-1140x760.jpg 1140w, https:\/\/escueladepedagogia.ufro.cl\/wp-content\/uploads\/2023\/11\/Patricio-Leal-Vega-768x512.jpg 768w, https:\/\/escueladepedagogia.ufro.cl\/wp-content\/uploads\/2023\/11\/Patricio-Leal-Vega-272x182.jpg 272w\" sizes=\"(max-width: 1500px) 100vw, 1500px\" \/><\/figure><div class=\"elementor-image-box-content\"><h5 class=\"elementor-image-box-title\">Patricio Leal Vega<\/h5><p class=\"elementor-image-box-description\">T\u00e9cnico Inform\u00e1tico Escuela de Pedagog\u00eda<br>\npatricio.leal@ufrontera.cl\n\n<br>\n45 2 325385<\/p><\/div><\/div>\t\t<\/div>\n\t\t\t\t<\/div>\n\t\t\t\t<\/div>\n\t\t<div class=\"elementor-element elementor-element-fb9896e e-con-full e-flex e-con e-child\" data-id=\"fb9896e\" data-element_type=\"container\">\n\t\t\t\t<\/div>\n\t\t<div class=\"elementor-element elementor-element-7d965ca e-con-full e-flex e-con e-child\" data-id=\"7d965ca\" data-element_type=\"container\">\n\t\t\t\t<\/div>\n\t\t<div class=\"elementor-element elementor-element-fa3bb6f e-con-full e-flex e-con e-child\" data-id=\"fa3bb6f\" data-element_type=\"container\">\n\t\t\t\t<\/div>\n\t\t\t\t\t<\/div>\n\t\t\t\t<\/div>\n\t\t\t\t<\/div>\n\t\t","protected":false},"excerpt":{"rendered":"<p>Constanza Villagran SantanaProfesional de Gesti\u00f3n Administrativa constanza.villagran@ufrontera.cl 45 2 734197 Luisa Colicheo AncanSecretaria Escuela de Pedagog\u00eda luisa.colicheo@ufrontera.cl 45 2 596509 Patricio Leal VegaT\u00e9cnico Inform\u00e1tico&#8230; &nbsp; <a href=\"https:\/\/escueladepedagogia.ufro.cl\/?page_id=7506\" class=\"moretag\">Read More<\/a><\/p>\n","protected":false},"author":7,"featured_media":0,"parent":0,"menu_order":0,"comment_status":"closed","ping_status":"closed","template":"","meta":{"_price":"","_stock":"","_tribe_ticket_header":"","_tribe_default_ticket_provider":"","_tribe_ticket_capacity":"0","_ticket_start_date":"","_ticket_end_date":"","_tribe_ticket_show_description":"","_tribe_ticket_show_not_going":false,"_tribe_ticket_use_global_stock":"","_tribe_ticket_global_stock_level":"","_global_stock_mode":"","_global_stock_cap":"","_tribe_rsvp_for_event":"","_tribe_ticket_going_count":"","_tribe_ticket_not_going_count":"","_tribe_tickets_list":"[]","_tribe_ticket_has_attendee_info_fields":false,"_EventAllDay":false,"_EventTimezone":"","_EventStartDate":"","_EventEndDate":"","_EventStartDateUTC":"","_EventEndDateUTC":"","_EventShowMap":false,"_EventShowMapLink":false,"_EventURL":"","_EventCost":"","_EventCostDescription":"","_EventCurrencySymbol":"","_EventCurrencyCode":"","_EventCurrencyPosition":"","_EventDateTimeSeparator":"","_EventTimeRangeSeparator":"","_EventOrganizerID":[],"_EventVenueID":[],"_OrganizerEmail":"","_OrganizerPhone":"","_OrganizerWebsite":"","_VenueAddress":"","_VenueCity":"","_VenueCountry":"","_VenueProvince":"","_VenueState":"","_VenueZip":"","_VenuePhone":"","_VenueURL":"","_VenueStateProvince":"","_VenueLat":"","_VenueLng":"","_VenueShowMap":false,"_VenueShowMapLink":false,"footnotes":""},"class_list":["post-7506","page","type-page","status-publish","hentry"],"ticketed":false,"_links":{"self":[{"href":"https:\/\/escueladepedagogia.ufro.cl\/index.php?rest_route=\/wp\/v2\/pages\/7506"}],"collection":[{"href":"https:\/\/escueladepedagogia.ufro.cl\/index.php?rest_route=\/wp\/v2\/pages"}],"about":[{"href":"https:\/\/escueladepedagogia.ufro.cl\/index.php?rest_route=\/wp\/v2\/types\/page"}],"author":[{"embeddable":true,"href":"https:\/\/escueladepedagogia.ufro.cl\/index.php?rest_route=\/wp\/v2\/users\/7"}],"replies":[{"embeddable":true,"href":"https:\/\/escueladepedagogia.ufro.cl\/index.php?rest_route=%2Fwp%2Fv2%2Fcomments&post=7506"}],"version-history":[{"count":28,"href":"https:\/\/escueladepedagogia.ufro.cl\/index.php?rest_route=\/wp\/v2\/pages\/7506\/revisions"}],"predecessor-version":[{"id":8004,"href":"https:\/\/escueladepedagogia.ufro.cl\/index.php?rest_route=\/wp\/v2\/pages\/7506\/revisions\/8004"}],"wp:attachment":[{"href":"https:\/\/escueladepedagogia.ufro.cl\/index.php?rest_route=%2Fwp%2Fv2%2Fmedia&parent=7506"}],"curies":[{"name":"wp","href":"https:\/\/api.w.org\/{rel}","templated":true}]}}