{"id":380,"date":"2017-04-04T09:04:11","date_gmt":"2017-04-04T13:04:11","guid":{"rendered":"http:\/\/escueladepedagogia.ufro.cl\/?page_id=380"},"modified":"2024-01-26T14:00:48","modified_gmt":"2024-01-26T18:00:48","slug":"unidad-de-didactica","status":"publish","type":"page","link":"https:\/\/escueladepedagogia.ufro.cl\/?page_id=380","title":{"rendered":"Gesti\u00f3n de la Formaci\u00f3n"},"content":{"rendered":"\t\t<div data-elementor-type=\"wp-page\" data-elementor-id=\"380\" class=\"elementor elementor-380\">\n\t\t\t\t<div class=\"elementor-element elementor-element-d1917fd e-flex e-con-boxed e-con e-parent\" data-id=\"d1917fd\" data-element_type=\"container\">\n\t\t\t\t\t<div class=\"e-con-inner\">\n\t\t<div class=\"elementor-element elementor-element-84b6838 e-con-full e-flex e-con e-child\" data-id=\"84b6838\" data-element_type=\"container\">\n\t\t\t\t<div class=\"elementor-element elementor-element-b8f9332 elementor-position-top elementor-widget elementor-widget-image-box\" data-id=\"b8f9332\" data-element_type=\"widget\" data-widget_type=\"image-box.default\">\n\t\t\t\t<div class=\"elementor-widget-container\">\n\t\t\t<div class=\"elementor-image-box-wrapper\"><figure class=\"elementor-image-box-img\"><img fetchpriority=\"high\" decoding=\"async\" width=\"1500\" height=\"1000\" src=\"https:\/\/escueladepedagogia.ufro.cl\/wp-content\/uploads\/2023\/10\/Pamela-Gutierrez-Castro-2.jpg\" class=\"attachment-full size-full wp-image-7020\" alt=\"\" srcset=\"https:\/\/escueladepedagogia.ufro.cl\/wp-content\/uploads\/2023\/10\/Pamela-Gutierrez-Castro-2.jpg 1500w, https:\/\/escueladepedagogia.ufro.cl\/wp-content\/uploads\/2023\/10\/Pamela-Gutierrez-Castro-2-1140x760.jpg 1140w, https:\/\/escueladepedagogia.ufro.cl\/wp-content\/uploads\/2023\/10\/Pamela-Gutierrez-Castro-2-768x512.jpg 768w\" sizes=\"(max-width: 1500px) 100vw, 1500px\" \/><\/figure><div class=\"elementor-image-box-content\"><h5 class=\"elementor-image-box-title\">Mg. Pamela Guti\u00e9rrez Castro <\/h5><p class=\"elementor-image-box-description\">Coordinadora General Pr\u00e1cticas<br>pamela.gutierrez@ufrontera.cl<br>45 2 734199<\/p><\/div><\/div>\t\t<\/div>\n\t\t\t\t<\/div>\n\t\t\t\t<\/div>\n\t\t<div class=\"elementor-element elementor-element-261826e e-con-full e-flex e-con e-child\" data-id=\"261826e\" data-element_type=\"container\">\n\t\t\t\t<div class=\"elementor-element elementor-element-47625f2 elementor-position-top elementor-widget elementor-widget-image-box\" data-id=\"47625f2\" data-element_type=\"widget\" data-widget_type=\"image-box.default\">\n\t\t\t\t<div class=\"elementor-widget-container\">\n\t\t\t<div class=\"elementor-image-box-wrapper\"><figure class=\"elementor-image-box-img\"><img decoding=\"async\" width=\"1500\" height=\"1000\" src=\"https:\/\/escueladepedagogia.ufro.cl\/wp-content\/uploads\/2023\/11\/Sandra-Diaz-Espinoza.jpg\" class=\"attachment-full size-full wp-image-7823\" alt=\"\" srcset=\"https:\/\/escueladepedagogia.ufro.cl\/wp-content\/uploads\/2023\/11\/Sandra-Diaz-Espinoza.jpg 1500w, https:\/\/escueladepedagogia.ufro.cl\/wp-content\/uploads\/2023\/11\/Sandra-Diaz-Espinoza-1140x760.jpg 1140w, https:\/\/escueladepedagogia.ufro.cl\/wp-content\/uploads\/2023\/11\/Sandra-Diaz-Espinoza-768x512.jpg 768w, https:\/\/escueladepedagogia.ufro.cl\/wp-content\/uploads\/2023\/11\/Sandra-Diaz-Espinoza-272x182.jpg 272w\" sizes=\"(max-width: 1500px) 100vw, 1500px\" \/><\/figure><div class=\"elementor-image-box-content\"><h5 class=\"elementor-image-box-title\">Sandra D\u00edaz Espinoza<\/h5><p class=\"elementor-image-box-description\">Secretaria<br>sandra.diaz@ufrontera.cl<br>45 2 734106<\/p><\/div><\/div>\t\t<\/div>\n\t\t\t\t<\/div>\n\t\t\t\t<\/div>\n\t\t\t\t\t<\/div>\n\t\t\t\t<\/div>\n\t\t\t\t<\/div>\n\t\t","protected":false},"excerpt":{"rendered":"<p>Mg. Pamela Guti\u00e9rrez Castro Coordinadora General Pr\u00e1cticaspamela.gutierrez@ufrontera.cl45 2 734199 Sandra D\u00edaz EspinozaSecretariasandra.diaz@ufrontera.cl45 2 734106<\/p>\n","protected":false},"author":1,"featured_media":0,"parent":0,"menu_order":0,"comment_status":"closed","ping_status":"closed","template":"page-fullwidth.php","meta":{"_price":"","_stock":"","_tribe_ticket_header":"","_tribe_default_ticket_provider":"","_tribe_ticket_capacity":"0","_ticket_start_date":"","_ticket_end_date":"","_tribe_ticket_show_description":"","_tribe_ticket_show_not_going":false,"_tribe_ticket_use_global_stock":"","_tribe_ticket_global_stock_level":"","_global_stock_mode":"","_global_stock_cap":"","_tribe_rsvp_for_event":"","_tribe_ticket_going_count":"","_tribe_ticket_not_going_count":"","_tribe_tickets_list":"[]","_tribe_ticket_has_attendee_info_fields":false,"_EventAllDay":false,"_EventTimezone":"","_EventStartDate":"","_EventEndDate":"","_EventStartDateUTC":"","_EventEndDateUTC":"","_EventShowMap":false,"_EventShowMapLink":false,"_EventURL":"","_EventCost":"","_EventCostDescription":"","_EventCurrencySymbol":"","_EventCurrencyCode":"","_EventCurrencyPosition":"","_EventDateTimeSeparator":"","_EventTimeRangeSeparator":"","_EventOrganizerID":[],"_EventVenueID":[],"_OrganizerEmail":"","_OrganizerPhone":"","_OrganizerWebsite":"","_VenueAddress":"","_VenueCity":"","_VenueCountry":"","_VenueProvince":"","_VenueState":"","_VenueZip":"","_VenuePhone":"","_VenueURL":"","_VenueStateProvince":"","_VenueLat":"","_VenueLng":"","_VenueShowMap":false,"_VenueShowMapLink":false,"footnotes":""},"class_list":["post-380","page","type-page","status-publish","hentry"],"ticketed":false,"_links":{"self":[{"href":"https:\/\/escueladepedagogia.ufro.cl\/index.php?rest_route=\/wp\/v2\/pages\/380"}],"collection":[{"href":"https:\/\/escueladepedagogia.ufro.cl\/index.php?rest_route=\/wp\/v2\/pages"}],"about":[{"href":"https:\/\/escueladepedagogia.ufro.cl\/index.php?rest_route=\/wp\/v2\/types\/page"}],"author":[{"embeddable":true,"href":"https:\/\/escueladepedagogia.ufro.cl\/index.php?rest_route=\/wp\/v2\/users\/1"}],"replies":[{"embeddable":true,"href":"https:\/\/escueladepedagogia.ufro.cl\/index.php?rest_route=%2Fwp%2Fv2%2Fcomments&post=380"}],"version-history":[{"count":31,"href":"https:\/\/escueladepedagogia.ufro.cl\/index.php?rest_route=\/wp\/v2\/pages\/380\/revisions"}],"predecessor-version":[{"id":8274,"href":"https:\/\/escueladepedagogia.ufro.cl\/index.php?rest_route=\/wp\/v2\/pages\/380\/revisions\/8274"}],"wp:attachment":[{"href":"https:\/\/escueladepedagogia.ufro.cl\/index.php?rest_route=%2Fwp%2Fv2%2Fmedia&parent=380"}],"curies":[{"name":"wp","href":"https:\/\/api.w.org\/{rel}","templated":true}]}}